?
7, 43, 97
List the prime factors of 5511.
3, 11, 167
What are the prime factors of 25777?
149, 173
List the prime factors of 33383.
7, 19, 251
List the prime factors of 5327.
7, 761
List the prime factors of 6857.
6857
What are the prime factors of 35527?
35527
List the prime factors of 34621.
89, 389
What are the prime factors of 3291?
3, 1097
List the prime factors of 537.
3, 179
What are the prime factors of 38194?
2, 13, 113
What are the prime factors of 5559?
3, 17, 109
List the prime factors of 2063.
2063
What are the prime factors of 2640?
2, 3, 5, 11
List the prime factors of 1490.
2, 5, 149
List the prime factors of 3220.
2, 5, 7, 23
What are the prime factors of 2391?
3, 797
List the prime factors of 10922.
2, 43, 127
What are the prime factors of 551?
19, 29
What are the prime factors of 18275?
5, 17, 43
List the prime factors of 464.
2, 29
What are the prime factors of 606?
2, 3, 101
What are the prime factors of 4650?
2, 3, 5, 31
List the prime factors of 1043.
7, 149
List the prime factors of 42124.
2, 10531
What are the prime factors of 3265?
5, 653
What are the prime factors of 4382?
2, 7, 313
What are the prime factors of 2448?
2, 3, 17
What are the prime factors of 10691?
10691
What are the prime factors of 2425?
5, 97
What are the prime factors of 83403?
3, 3089
List the prime factors of 51831.
3, 13, 443
List the prime factors of 35782.
2, 17891
List the prime factors of 11758.
2, 5879
List the prime factors of 1488.
2, 3, 31
What are the prime factors of 7735?
5, 7, 13, 17
What are the prime factors of 3295?
5, 659
What are the prime factors of 3017?
7, 431
What are the prime factors of 642?
2, 3, 107
List the prime factors of 647.
647
What are the prime factors of 1991?
11, 181
List the prime factors of 105818.
2, 157, 337
What are the prime factors of 2307?
3, 769
List the prime factors of 3361.
3361
List the prime factors of 14953.
19, 787
List the prime factors of 1814.
2, 907
What are the prime factors of 2420?
2, 5, 11
List the prime factors of 23962.
2, 11981
What are the prime factors of 7108?
2, 1777
List the prime factors of 2114.
2, 7, 151
What are the prime factors of 5245?
5, 1049
List the prime factors of 1396.
2, 349
List the prime factors of 241.
241
List the prime factors of 64827.
3, 7
What are the prime factors of 6085?
5, 1217
List the prime factors of 953.
953
List the prime factors of 11624.
2, 1453
What are the prime factors of 10052?
2, 7, 359
What are the prime factors of 10888?
2, 1361
What are the prime factors of 18398?
2, 9199
What are the prime factors of 5215?
5, 7, 149
What are the prime factors of 605?
5, 11
List the prime factors of 5308.
2, 1327
List the prime factors of 5317.
13, 409
List the prime factors of 17628.
2, 3, 13, 113
List the prime factors of 54596.
2, 13649
What are the prime factors of 3004?
2, 751
List the prime factors of 29065.
5, 5813
List the prime factors of 66.
2, 3, 11
List the prime factors of 18707.
13, 1439
List the prime factors of 11068.
2, 2767
What are the prime factors of 8271?
3, 919
What are the prime factors of 11876?
2, 2969
List the prime factors of 62631.
3, 6959
List the prime factors of 6292.
2, 11, 13
What are the prime factors of 60113?
47, 1279
What are the prime factors of 3794?
2, 7, 271
What are the prime factors of 20468?
2, 7, 17, 43
List the prime factors of 38759.
7, 113
What are the prime factors of 47861?
11, 19, 229
What are the prime factors of 2140?
2, 5, 107
List the prime factors of 3071.
37, 83
List the prime factors of 321.
3, 107
What are the prime factors of 11755?
5, 2351
List the prime factors of 8791.
59, 149
List the prime factors of 48172.
2, 12043
What are the prime factors of 3666?
2, 3, 13, 47
List the prime factors of 4204.
2, 1051
What are the prime factors of 3382?
2, 19, 89
What are the prime factors of 76717?
76717
List the prime factors of 224.
2, 7
List the prime factors of 251.
251
What are the prime factors of 87021?
3, 11, 293
List the prime factors of 34942.
2, 17471
What are the prime factors of 545?
5, 109
What are the prime factors of 2686?
2, 17, 79
What are the prime factors of 46361?
7, 37, 179
What are the prime factors of 231?
3, 7, 11
What are the prime factors of 113?
113
What are the prime factors of 3395?
5, 7, 97
List the prime factors of 32172.
2, 3, 7, 383
What are the prime factors of 19008?
2, 3, 11
List the prime factors of 1040.
2, 5, 13
What are the prime factors of 4404?
2, 3, 367
What are the prime factors of 9073?
43, 211
What are the prime factors of 44081?
17, 2593
What are the prime factors of 14420?
2, 5, 7, 103
What are the prime factors of 18418?
2, 9209
List the prime factors of 278.
2, 139
What are the prime factors of 104?
2, 13
What are the prime factors of 72202?
2, 13, 2777
What are the prime factors of 7815?
3, 5, 521
What are the prime factors of 24981?
3, 11, 757
List the prime factors of 548.
2, 137
What are the prime factors of 1886?
2, 23, 41
What are the prime factors of 2917?
2917
List the prime factors of 20217.
3, 23, 293
What are the prime factors of 3048?
2, 3, 127
List the prime factors of 898.
2, 449
What are the prime factors of 2451?
3, 19, 43
What are the prime factors of 11625?
3, 5, 31
List the prime factors of 7354.
2, 3677
What are the prime factors of 63216?
2, 3, 439
What are the prime factors of 6258?
2, 3, 7, 149
List the prime factors of 1292.
2, 17, 19
What are the prime factors of 2127?
3, 709
What are the prime factors of 862?
2, 431
List the prime factors of 5664.
2, 3, 59
List the prime factors of 11280.
2, 3, 5, 47
List the prime factors of 23214.
2, 3, 53, 73
What are the prime factors of 542?
2, 271
What are the prime factors of 12347?
12347
List the prime factors of 1232.
2, 7, 11
List the prime factors of 1145.
5, 229
List the prime factors of 25679.
25679
What are the prime factors of 1376?
2, 43
List the prime factors of 27808.
2, 11, 79
What are the prime factors of 56085?
3, 5, 3739
List the prime factors of 57729.
3, 7, 2749
What are the prime factors of 20?
2, 5
List the prime factors of 45971.
45971
List the prime factors of 76117.
103, 739
What are the prime factors of 1299?
3, 433
List the prime factors of 14722.
2, 17, 433
What are the prime factors of 13112?
2, 11, 149
List the prime factors of 31746.
2, 3, 11, 13, 37
List the prime factors of 4976.
2, 311
What are the prime factors of 10165?
5, 19, 107
What are the prime factors of 2132?
2, 13, 41
List the prime factors of 24886.
2, 23, 541
List the prime factors of 228.
2, 3, 19
List the prime factors of 37302.
2, 3, 6217
List the prime factors of 365.
5, 73
What are the prime factors of 1984?
2, 31
What are the prime factors of 22176?
2, 3, 7, 11
What are the prime factors of 1594?
2, 797
What are the prime factors of 2196?
2, 3, 61
List the prime factors of 18379.
18379
List the prime factors of 1964.
2, 491
List the prime factors of 1321.
1321
What are the prime factors of 8158?
2, 4079
What are the prime factors of 62888?
2, 7, 1123
List the prime factors of 69804.
2, 3, 7, 277
What are the prime factors of 2928?
2, 3, 61
What are the prime factors of 17014?
2, 47, 181
What are the prime factors of 6134?
2, 3067
What are the prime factors of 567?
3, 7
List the prime factors of 666.
2, 3, 37
List the prime factors of 19959.
3, 6653
List the prime factors of 997.
997
List the prime factors of 79742.
2, 13, 3067
List the prime factors of 3020.
2, 5, 151
List the prime factors of 657.
3, 73
What are the prime factors of 23075?
5, 13, 71
What are the prime factors of 1029?
3, 7
What are the prime factors of 74059?
31, 2389
List the prime factors of 4188.
2, 3, 349
List the prime factors of 54753.
3, 18251
List the prime factors of 2205.
3, 5, 7
List the prime factors of 997.
997
List the prime factors of 35936.
2, 1123
What are the prime factors of 1377?
3, 17
List the prime factors of 101219.
127, 797
List the prime factors of 410.
2, 5, 41
List the prime factors of 39685.
5, 7937
List the prime factors of 1368.
2, 3, 19
List the prime factors of 44861.
113, 397
What are the prime factors of 1023?
3, 11, 31
List the prime factors of 277.
277
List the prime factors of 65668.
2, 16417
List the prime factors of 106326.
2, 3, 11, 179
List the prime factors of 3666.
2, 3, 13,